reatest common divisor of 37737909 and 6732?
1683
Calculate the highest common factor of 2690209 and 11008.
43
What is the greatest common factor of 50263187 and 65?
13
What is the greatest common divisor of 44550 and 104870?
10
Calculate the greatest common divisor of 4120422 and 930.
6
What is the highest common divisor of 70439687 and 590?
59
What is the highest common divisor of 5094943 and 31588?
53
Calculate the greatest common factor of 209666 and 18012.
158
Calculate the highest common factor of 799267 and 6539.
503
What is the highest common factor of 848070 and 4100750?
3490
What is the greatest common divisor of 901074 and 931490?
3802
Calculate the greatest common divisor of 8311921 and 183.
61
What is the highest common divisor of 2572904 and 40?
8
What is the greatest common divisor of 9702 and 266958?
18
What is the greatest common factor of 3171 and 27638436?
3171
Calculate the highest common divisor of 2040 and 412131.
51
What is the greatest common factor of 200 and 4404450?
50
Calculate the highest common factor of 5820 and 5087220.
60
Calculate the highest common factor of 452704112 and 196.
28
What is the highest common factor of 7514 and 74698?
442
What is the greatest common divisor of 28268523 and 171?
171
What is the highest common factor of 48282709 and 1711?
1711
Calculate the greatest common factor of 538 and 136902170.
538
Calculate the highest common divisor of 15789 and 208304.
277
What is the highest common divisor of 759459 and 837?
3
What is the greatest common divisor of 31327466 and 5605?
1121
Calculate the greatest common divisor of 119 and 139330351.
17
What is the greatest common divisor of 5833 and 729432?
307
Calculate the greatest common factor of 96961240 and 32.
8
Calculate the highest common factor of 594832 and 35.
7
Calculate the greatest common divisor of 252762 and 86299.
409
Calculate the greatest common factor of 5080 and 263542272.
1016
What is the greatest common divisor of 67041 and 211238742?
7449
What is the highest common divisor of 30489976 and 578?
34
Calculate the greatest common factor of 91504 and 114803206.
11438
What is the greatest common factor of 1358916 and 23498?
62
Calculate the highest common divisor of 158196 and 699.
3
What is the greatest common divisor of 1454284 and 1508?
52
What is the highest common divisor of 18 and 181524177?
9
What is the greatest common factor of 88980872 and 128?
8
Calculate the highest common factor of 56870 and 1207007.
47
Calculate the greatest common divisor of 24089 and 1384409.
1417
Calculate the greatest common factor of 253708748 and 2489.
2489
What is the greatest common factor of 31 and 74395939?
31
Calculate the highest common divisor of 20356114 and 172.
86
Calculate the highest common divisor of 125790 and 552930.
210
Calculate the greatest common divisor of 671808 and 166944.
96
Calculate the greatest common divisor of 4070320 and 880.
80
What is the greatest common divisor of 4330543 and 764?
191
Calculate the highest common factor of 155855684 and 19233.
2137
Calculate the greatest common divisor of 105306 and 2334.
6
Calculate the highest common divisor of 50957840 and 238.
34
Calculate the greatest common divisor of 28704 and 666471.
897
What is the greatest common divisor of 17254 and 20?
2
Calculate the greatest common factor of 258140588 and 772.
772
What is the greatest common divisor of 73445052 and 42?
6
What is the greatest common divisor of 692 and 11214206?
346
What is the highest common divisor of 3086214 and 29874?
2298
What is the greatest common divisor of 349920 and 108600?
120
What is the highest common factor of 283499 and 12642?
43
What is the highest common factor of 44970 and 23790?
30
Calculate the greatest common divisor of 17599490 and 62200.
3110
What is the greatest common divisor of 24426 and 868986?
414
What is the greatest common divisor of 230184 and 6533?
139
What is the greatest common factor of 17446730 and 8282?
82
What is the highest common divisor of 32949371 and 247?
13
Calculate the highest common factor of 30105 and 78615.
45
What is the greatest common factor of 167 and 43177683?
167
What is the greatest common factor of 1170 and 10728306?
18
What is the greatest common factor of 161384 and 5488?
8
Calculate the highest common divisor of 1544 and 8543531.
193
Calculate the highest common factor of 70929 and 291708.
999
Calculate the greatest common factor of 55890 and 7650.
90
Calculate the greatest common factor of 584808 and 15750.
42
What is the greatest common divisor of 15557201 and 1507?
11
What is the highest common factor of 83424 and 525600?
96
What is the greatest common divisor of 47904 and 731072?
32
What is the highest common factor of 52389032 and 16?
8
What is the highest common divisor of 4464392 and 164312?
3496
Calculate the highest common factor of 306 and 1089378.
18
Calculate the greatest common divisor of 10990 and 11242.
14
Calculate the highest common factor of 77567053 and 806.
31
Calculate the greatest common factor of 62421026 and 394.
394
Calculate the highest common divisor of 9680088 and 3080.
88
Calculate the highest common divisor of 4711 and 4124817.
673
What is the greatest common divisor of 2465362 and 24634?
218
What is the greatest common divisor of 1664 and 23588?
4
What is the highest common factor of 18380 and 1116585?
4595
Calculate the highest common factor of 1131 and 594326.
29
Calculate the greatest common factor of 140 and 8388170.
70
What is the greatest common divisor of 2946940 and 6680?
20
What is the highest common divisor of 301 and 4763619?
7
Calculate the highest common divisor of 23 and 31726292.
23
Calculate the highest common divisor of 15260 and 25526165.
3815
Calculate the greatest common divisor of 25110 and 43505586.
5022
Calculate the greatest common divisor of 34965 and 2681020.
185
What is the highest common factor of 14715 and 24602265?
135
What is the highest common factor of 573560 and 982280?
520
What is the highest common divisor of 12055620 and 324?
12
Calculate the highest common divisor of 430 and 582910.
10
What is the highest common divisor of 7989880 and 25?
5
What is the highest common factor of 720 and 1036780?
20
Calculate the highest common divisor of 2512404 and 6579.
387
What is the highest common factor of 1480 and 2100640?
40
What is the highest common divisor of 658 and 9383906?
14
Calculate the highest common factor of 18995997 and 369.
123
What is the greatest common factor of 56373 and 34363794?
2967
Calculate the highest common factor of 442 and 11219762.
34
Calculate the greatest common divisor of 5649192 and 72.
72
Calculate the highest common factor of 3436256 and 2920.
584
Calculate the greatest common divisor of 27 and 2546512668.
27
Calculate the highest common divisor of 686211953 and 1036.
259
Calculate the greatest common factor of 873 and 3230391.
291
What is the greatest common divisor of 1242 and 5901318?
18
What is the highest common divisor of 132467475 and 700?
175
What is the highest common divisor of 275665 and 40170?
65
Calculate the greatest common divisor of 8136 and 14574288.
2712
What is the highest common divisor of 2 and 458129?
1
What is the greatest common factor of 48440827 and 566?
283
What is the highest common factor of 2873 and 1202393?
17
Calculate the highest common factor of 95170791 and 1083.
1083
Calculate the highest common divisor of 3479 and 1003959383.
3479
What is the highest common divisor of 5 and 69068440?
5
Calculate the greatest common divisor of 1520602999 and 5101.
5101
What is the highest common divisor of 24967629 and 108?
27
What is the greatest common factor of 303288 and 392?
8
What is the highest common factor of 4923405 and 71595?
1665
What is the highest common factor of 399898 and 316?
158
Calculate the greatest common divisor of 429750 and 150750.
2250
What is the greatest common factor of 127900645 and 51825?
3455
Calculate the greatest common divisor of 27136 and 516832.
32
Calculate the highest common divisor of 10956751 and 1131.
377
What is the greatest common factor of 51567290 and 476?
34
What is the greatest common divisor of 567951185 and 1070?
535
Calculate the highest common factor of 115 and 4975291.
23
What is the greatest common